re the prime factors of i?
2, 7
Suppose 39*o = 46*o + 175. What are the prime factors of (-34428)/190*o/3?
2, 5, 151
Let j(b) = b**2 + b - 14. Let i be j(5). Suppose 8 = -8*z - i. What are the prime factors of (z + 26/(-6))/((-3)/27)?
2, 3, 11
Suppose -3*p + 7*p + 0*p - 37100 = 0. List the prime factors of p.
5, 7, 53
Suppose -10*j + 21436 = -79334. List the prime factors of j.
3, 3359
Let y = -15 - -22. Suppose -12068 = -21*v + y*v. What are the prime factors of v?
2, 431
Let f = -16854 - -45582. What are the prime factors of f?
2, 3, 7, 19
Let l(z) = -735*z + 208. What are the prime factors of l(-6)?
2, 2309
Let w = -444 - -427. What are the prime factors of 450/7*(11 - w)?
2, 3, 5
Let z = -12 + 68. Suppose -z*b + 20389 = -19819. List the prime factors of b.
2, 359
Let p(f) = -10*f - 18. Let c(y) = y**3 - 23*y**2 + 7. Let u be c(23). Let h be (-11)/((-55)/10) - u. List the prime factors of p(h).
2
Let d(u) = 46*u**2 - 16*u - 41. Let l(i) = i**2 - 30*i + 194. Let b be l(10). What are the prime factors of d(b)?
29, 59
Let g(s) = -34*s - 124. Suppose -3*b - 31 = l, -38 = 4*b - 17*l + 20*l. List the prime factors of g(b).
2, 5
Let k(n) = n**3 - 8*n**2 - n. Let j be k(3). Let g = -72 - j. What are the prime factors of (-208)/1*g/48?
2, 13
Let k = 2555 + -2498. List the prime factors of k.
3, 19
Let d(u) = -11*u - 9. Let i = -24 + 20. Let j be d(i). Let c = 15 + j. What are the prime factors of c?
2, 5
Suppose 4*u + 8 = -z, -u - 2 = -11*z + 12*z. Suppose z = 5*p - 426 + 216. What are the prime factors of p?
2, 3, 7
Suppose -b + 8*s + 44303 = 13*s, 5*s - 708173 = -16*b. What are the prime factors of b?
2, 22129
Suppose b - 3238 - 2300 = -p, 0 = -b + 3*p + 5546. List the prime factors of b.
2, 5, 277
Let v(x) = -x**3 + 21*x**2 - 26*x + 36. Let m be (-1)/(1/(-3) + 26/96). What are the prime factors of v(m)?
2, 3, 5
Suppose -6*a - 133 = -157. Suppose 5*x - a*x - 4*y - 646 = 0, -16 = -4*y. What are the prime factors of x?
2, 331
Suppose -256 = -4*j - 1104. Let u = j + 373. What are the prime factors of u?
7, 23
Let q be 9/4 + (-1)/4. Suppose -18 = -q*u + 2*v, 0 = -u - 0*u - 2*v - 6. Suppose u*o - 78 = o. What are the prime factors of o?
2, 13
Let t be (-9)/144*-8 + 1446/4. Let a = t + -18. What are the prime factors of a?
2, 43
Let p = -2780 - -22958. List the prime factors of p.
2, 3, 19, 59
Suppose 47*o = 89974 - 3823. What are the prime factors of o?
3, 13, 47
Suppose -154141 = -5*x + f + 101118, -5*f - 51071 = -x. List the prime factors of x.
3, 7, 11, 13, 17
Suppose -34 + 13 = -7*b. Suppose -2*t + 0*v + 1040 = -5*v, -b*t + 1585 = 5*v. List the prime factors of t.
3, 5, 7
Suppose 3*i + 2*d - 20781 = 0, -15*d = -5*i - 18*d + 34635. List the prime factors of i.
3, 2309
Let f(a) = 8*a**2 - 7*a - 18. Let b be f(-4). Let z(x) = 11*x + 3. Let g be z(-2). Let c = g + b. List the prime factors of c.
7, 17
Let n(w) = 440*w**2 - 81*w + 64. List the prime factors of n(-8).
2, 3, 401
Suppose -4819*a = -4815*a - 8768. List the prime factors of a.
2, 137
Let b(w) = 8*w**2 - 2*w - 2399. What are the prime factors of b(47)?
43, 353
Let k = -13289 + 13270. Let q(o) be the first derivative of -o**3/3 - 25*o**2/2 + 13*o - 1. List the prime factors of q(k).
127
Let c(s) = 50*s**3 + 3*s**2 + 15*s + 28. Let t be c(-2). What are the prime factors of (63/(-35))/(1/t)?
2, 3, 13
Let p(q) = 18*q**3 + q**2 + 4*q + 5. Let d(u) = u**3 - 7*u**2 + 2*u - 11. Let t be d(7). What are the prime factors of p(t)?
2
Suppose 26*b - 15*b = 1518. Suppose -b = 9*w - 768. What are the prime factors of w?
2, 5, 7
Let t(r) = 35*r**3 - r**2 + 3*r + 2. Let n be t(2). Suppose 836 = 5*z - n. What are the prime factors of z?
2, 7
Suppose -4*a = 5*f - 21, f - 11*a + 8*a - 8 = 0. Suppose 7*w = -3*p + f*w + 1369, 4*w = -3*p + 1361. What are the prime factors of p?
3, 17
Let o(w) = -774*w - 225. Let l be o(-6). Let d = l + -2426. What are the prime factors of d?
1993
Let c(w) = 3*w + 10. Let p be c(0). Suppose -12*h + 406 = -p*h. What are the prime factors of h?
7, 29
Suppose -3*t + 3*l = -6042, 32*l + 4 = 30*l. What are the prime factors of t?
2, 503
Suppose -98*o = -104*o + 840. Suppose -o = -h + 288. Let k = h + -169. List the prime factors of k.
7, 37
What are the prime factors of ((-371)/(-318) - (-3)/2) + 24001/3?
53, 151
What are the prime factors of 2*(-3)/(-2) - -3264 - (-210)/105?
7, 467
Let j(m) = 4*m**2 - 4*m - 21. Let i be j(4). Suppose -3*u + 1476 = -i. What are the prime factors of u?
3, 167
Let l = 10 - 17. Let k be -133 - 2 - (-1 - -1)/(-2). Let m = l - k. What are the prime factors of m?
2
What are the prime factors of ((-195)/130)/((-3)/70096)?
2, 13, 337
Let w be -3 + (-9)/(-6)*2. Let b be -2 + (334 + w)*2/(-4). Let k = -84 - b. List the prime factors of k.
5, 17
Let i(c) = -2*c + 4. Let v(a) = -1116*a - 60. Let j(x) = 16*i(x) + v(x). List the prime factors of j(-1).
2, 3
What are the prime factors of (6890/795)/(2/3099)?
13, 1033
Let a(r) = 82*r**2 + 2*r - 2. Let k(f) = f**2 - 9*f - 19. Let s be k(11). Suppose 4*l = 12, s*b - 13 = -b - 3*l. What are the prime factors of a(b)?
2, 41
Let h = -68 - -78. Suppose -h*o + 306 = -o. Suppose -4*n + o = -130. List the prime factors of n.
41
Let i be (-675)/3*12/18. Let t = 440 + i. List the prime factors of t.
2, 5, 29
Let j = -3564 + 20259. List the prime factors of j.
3, 5, 7, 53
Suppose 3*p + 60 = -5*n, 21*n = -5*p + 18*n - 84. What are the prime factors of -5 - ((-2834)/3 - p/(-45))?
2, 5, 47
Let z = -41 - -34. Let b be 3/7 + (-4001)/z + 0. Suppose -2*t + 0*t = -4*y + b, 560 = 4*y - 5*t. List the prime factors of y.
5, 29
Let n(r) be the first derivative of 16*r**2 - 12*r - 8. Let z(w) = -w - 12. Let o be z(-18). What are the prime factors of n(o)?
2, 3, 5
Let z be (-6 + 1 + 3 - -4) + 1. Let g be 1/z + (-3668)/(-21) + 1. Suppose t = -t + g. What are the prime factors of t?
2, 11
Let k = 82 + -79. Let q be (-264)/(k/(36/(-8))) + 2. Suppose 0 = -7*x + 78 + q. List the prime factors of x.
2, 17
Suppose -4*q - 12717 = 2*n - 78759, 4*q - 2*n = 66014. List the prime factors of q.
17, 971
Let y be 2/(4 - (-3146)/(-787)). Suppose y + 4913 = 30*m. List the prime factors of m.
2, 5, 19
Suppose 0 = -8*l + 3*l - 4*i - 5, 3*i + 18 = l. What are the prime factors of 1204/(l/(36/8))?
2, 3, 7, 43
Suppose 0 = 3*g + 5*q - 61720, -844*g + 842*g + 4*q + 41154 = 0. What are the prime factors of g?
5, 823
Let i(x) = 6*x**3 - 2*x**2 + 6*x - 5. Suppose -60 = 5*l - 65. Let z be i(l). Suppose -z*a + 357 = 2*r - 378, -2*a + 310 = 4*r. List the prime factors of a.
5, 29
Let b be 30*(-15)/27*(-33)/55. Let i(x) = 7*x**2 + 11*x - 2. What are the prime factors of i(b)?
2, 101
Let b = 50861 + -26318. List the prime factors of b.
3, 101
Let m(i) = -i**2 + 15*i + 30. Let f be m(16). Suppose -10*z = -f*z + 348. List the prime factors of z.
3, 29
Let g(j) = -4*j + 66. Let q be g(15). What are the prime factors of 6478/16 + q + (-188)/32?
3, 5
Let p(w) = -w**3 + 17*w**2 - 10*w + 3. Let x be p(15). Suppose 280 = 11*r - x. Let o = 118 + r. What are the prime factors of o?
3, 19
Let y(l) = 5*l**2 + 18*l - 36. Let m be y(13). Let w = m + -583. What are the prime factors of w?
2, 5, 23
Suppose 21*i - 8810 = 1921. Let k = i + -290. What are the prime factors of k?
13, 17
Let o = -63674 + 91966. List the prime factors of o.
2, 11, 643
Let b = -56 + 47. Let k be (-4 - (-102)/b)*(-3)/(-2). What are the prime factors of (k - 1)*-1*4/8?
2, 3
Suppose 2*z - 3*z = 4, -2*n - 3*z = 2. Suppose n*h = w - 443, -3*w + 2*w = 4*h - 443. List the prime factors of w.
443
Let f be (1/(-7) - 9/(-14))*-4. What are the prime factors of 2/((-12)/9) + (-443)/f?
2, 5, 11
Let k = -10438 - -11129. What are the prime factors of k?
691
Suppose -131442 = -3*i + 3*t, -715*i - 87600 = -717*i - 2*t. List the prime factors of i.
71, 617
Suppose -i + 4 = 0, 0*x - 16 = 5*x - 4*i. Let a = 1 + 13. List the prime factors of a/28*(212 - x).
2, 53
Let q = 354 + -352. Suppose -q*g = -3 + 5, -m - 5*g = -1184. What are the prime factors of m?
29, 41
Suppose 60*v = 64*v + 6184. Let k = v + 2808. What are the prime factors of k?
2, 631
Suppose -4*o + 467 = -5*d, d - 3*o = -2*d - 279. Let k = d + 98. Suppose 3*u + 5*q - 409 = 0, 4*u + 252 = k*q + 836. List the prime factors of u.
11, 13
Suppose -y = 5*n - 12, -2*y - 1 = 3